
Is 9 a factor of 613517?
False
Is 20 a factor of 2024513?
False
Does 440 divide 390720?
True
Is 1087237 a multiple of 19?
True
Is 2219135 a multiple of 695?
True
Is 6 a factor of 256432?
False
Does 4 divide 4856408?
True
Does 16 divide 505600?
True
Is 162 a factor of 399978?
True
Is 4 a factor of 21312?
True
Is 18 a factor of 725526?
True
Is 1622328 a multiple of 46?
True
Is 12 a factor of 367488?
True
Does 179 divide 6689811?
False
Does 26 divide 192097?
False
Is 111 a factor of 706293?
True
Is 174 a factor of 1620810?
True
Is 1505472 a multiple of 16?
True
Is 74 a factor of 2948324?
False
Is 61 a factor of 244?
True
Is 370450 a multiple of 108?
False
Is 82 a factor of 1012126?
True
Is 11 a factor of 15585?
False
Does 13 divide 21752946?
False
Is 16 a factor of 991581?
False
Does 9 divide 1724307?
False
Is 10 a factor of 81890?
True
Is 9605583 a multiple of 551?
True
Is 5 a factor of 321080?
True
Is 3617812 a multiple of 19?
False
Is 165223 a multiple of 180?
False
Is 28 a factor of 140318?
False
Is 4 a factor of 92174?
False
Does 198 divide 143550?
True
Is 874530 a multiple of 123?
True
Does 91 divide 1152424?
True
Is 538 a factor of 8500400?
True
Is 343 a factor of 1952699?
True
Is 97830 a multiple of 18?
True
Does 7 divide 487557?
True
Is 39 a factor of 322733?
False
Is 196040 a multiple of 24?
False
Is 239976 a multiple of 264?
True
Is 1604431 a multiple of 178?
False
Is 2656895 a multiple of 769?
True
Is 1670821 a multiple of 59?
True
Is 394 a factor of 244187?
False
Is 8 a factor of 10044?
False
Is 128833 a multiple of 339?
False
Is 16 a factor of 8533796?
False
Is 11 a factor of 2028386?
False
Does 10 divide 12169035?
False
Does 249 divide 2176040?
False
Is 2186276 a multiple of 80?
False
Is 34 a factor of 846294?
True
Does 92 divide 6363976?
False
Does 129 divide 773850?
False
Is 1578 a factor of 7358214?
True
Is 15960 a multiple of 56?
True
Is 1290398 a multiple of 33?
False
Is 55808 a multiple of 165?
False
Is 456635 a multiple of 15?
False
Is 223 a factor of 1728919?
True
Is 47 a factor of 482345?
False
Is 15 a factor of 378180?
True
Does 264 divide 606672?
True
Is 3279892 a multiple of 322?
True
Does 125 divide 143475?
False
Does 15 divide 333527?
False
Does 54 divide 348150?
False
Is 427578 a multiple of 63?
False
Does 13 divide 143334?
False
Is 13 a factor of 129081?
False
Does 12 divide 1611021?
False
Does 196 divide 505897?
False
Is 21718200 a multiple of 21?
True
Is 358 a factor of 282650?
False
Does 63 divide 60606?
True
Is 78570 a multiple of 485?
True
Does 3 divide 1919880?
True
Does 17 divide 783309?
True
Does 405 divide 171315?
True
Is 9736 a multiple of 8?
True
Is 4 a factor of 18961?
False
Is 22 a factor of 470?
False
Is 15307 a multiple of 106?
False
Is 38 a factor of 278055?
False
Is 60 a factor of 752640?
True
Does 26 divide 4813?
False
Is 295395 a multiple of 79?
False
Does 40 divide 9315253?
False
Is 26 a factor of 16299?
False
Does 200 divide 72149?
False
Is 836485 a multiple of 757?
True
Is 1856 a factor of 1184998?
False
Does 14 divide 32542266?
False
Is 495488 a multiple of 9?
False
Is 75 a factor of 37425?
True
Is 3886480 a multiple of 740?
True
Does 31 divide 5159764?
True
Does 185 divide 175428?
False
Is 156 a factor of 4709251?
False
Is 57 a factor of 84873?
True
Is 2591001 a multiple of 21?
True
Is 1150313 a multiple of 20?
False
Is 973356 a multiple of 9?
False
Does 292 divide 140417?
False
Is 2559039 a multiple of 7?
True
Is 5 a factor of 64290?
True
Does 25 divide 1886672?
False
Does 27 divide 19434019?
False
Is 62685 a multiple of 35?
True
Is 3813 a multiple of 2?
False
Does 51 divide 149929?
False
Does 216 divide 1171977?
False
Does 109 divide 531394?
False
Does 12 divide 31465752?
True
Does 111 divide 1056831?
True
Does 197 divide 7799888?
False
Is 16 a factor of 34848?
True
Is 5 a factor of 1882025?
True
Is 18 a factor of 31514?
False
Is 6829767 a multiple of 119?
True
Is 123612 a multiple of 214?
False
Is 205 a factor of 351165?
True
Is 5632736 a multiple of 41?
False
Does 123 divide 1107615?
True
Does 39 divide 104796?
False
Is 28458 a multiple of 27?
True
Does 30 divide 75750?
True
Is 11547039 a multiple of 2029?
True
Does 53 divide 7930162?
False
Does 574 divide 348418?
True
Is 345 a factor of 1170930?
True
Does 45 divide 8403?
False
Is 523 a factor of 12595409?
True
Is 1951005 a multiple of 17?
True
Does 216 divide 177497?
False
Does 91 divide 518103?
False
Does 70 divide 1199535?
False
Is 1237 a factor of 4506098?
False
Is 448366 a multiple of 83?
True
Does 168 divide 547934?
False
Is 1614744 a multiple of 82?
True
Does 33 divide 1935219?
True
Is 34 a factor of 85680?
True
Does 16 divide 1567552?
True
Is 655 a factor of 637970?
True
Does 513 divide 301240?
False
Is 8 a factor of 6804328?
True
Is 1915835 a multiple of 692?
False
Does 409 divide 12650047?
False
Is 334136 a multiple of 44?
True
Is 2750 a multiple of 125?
True
Does 1501 divide 8066159?
False
Is 86461 a multiple of 109?
False
Is 178319 a multiple of 23?
True
Does 102 divide 491334?
True
Is 13 a factor of 13424428?
False
Is 29273 a multiple of 5?
False
Is 473184 a multiple of 96?
True
Is 65 a factor of 1036056?
False
Does 63 divide 833112?
True
Does 19 divide 2764945?
False
Is 48564 a multiple of 36?
True
Does 69 divide 18266301?
True
Is 116383 a multiple of 23?
False
Is 1574406 a multiple of 13?
False
Is 52 a factor of 21136500?
False
Is 6 a factor of 1303392?
True
Does 6 divide 32882?
False
Is 267480 a multiple of 30?
True
Is 16 a factor of 644496?
True
Is 123 a factor of 4809423?
True
Is 9615 a multiple of 15?
True
Is 23 a factor of 1633092?
True
Is 3183760 a multiple of 33?
False
Does 8 divide 15688?
True
Is 703701 a multiple of 603?
True
Is 329120 a multiple of 11?
True
Is 2371548 a multiple of 1741?
False
Is 516 a factor of 2353476?
True
Is 29007232 a multiple of 128?
True
Does 210 divide 184590?
True
Is 19 a factor of 95470?
False
Is 1210267 a multiple of 11?
False
Is 48 a factor of 724464?
True
Does 256 divide 498688?
True
Does 46 divide 26234?
False
Does 200 divide 270222?
False
Is 59472 a multiple of 144?
True
Is 1204892 a multiple of 58?
True
Is 192 a factor of 288855?
False
Is 19 a factor of 51789?
False
Is 24 a factor of 4385952?
True
Does 801 divide 13346931?
False
Does 14 divide 979146?
True
Is 1115835 a multiple of 21?
True
Is 7436 a multiple of 338?
True
Is 2794398 a multiple of 30?
False
Is 45 a factor of 38475?
True
Is 246258 a multiple of 18?
True
Is 41 a factor of 1474377?
False
Is 33 a factor of 75056?
False
Is 209 a factor of 262086?
True
Does 362 divide 5908926?
True
Is 256140 a multiple of 9?
True
Does 858 divide 364895?
False
Does 679 divide 380919?
True
Is 490623 a multiple of 61?
True
Is 5739452 a multiple of 16?
False
Is 7 a factor of 2363228?
True
Does 6 divide 690382?
False
Does 587 divide 11853731?
False
Is 6 a factor of 400687?
False
Is 117 a factor of 4692285?
True
Does 12 divide 1066761?
False
Is 972 a factor of 2235600?
True
Is 1160880 a multiple of 674?
False
Does 4 divide 90282?
False
Is 3026800 a multiple of 350?
True
Does 6 divide 277676?
False
Is 179116 a multiple of 28?
True
Is 846609 even?
False
Is 10 a factor of 851320?
True
Does 19 divide 80255?
False
Is 141423 a multiple of 17?
True
Is 7 a factor of 115523?
False
Is 1718416 a multiple of 116?
False
Is 49 a factor of 4191790?
False
Does 63 divide 23811?
False
Does 471 divide 635850?
True
Is 11417362 a multiple of 159?
False
Is 23 a factor of 127950?
False
Is 533220 a multiple of 406?
False
Is 1187 a factor of 10393372?
True
Does 4 divide 612596?
True
Does 8 divide 280871?
False
Does 15 divide 43470?
True
Does 2 divide 286705?
False
Is 293638 a multiple of 19?
False
Does 18 divide 2672172?
True
Does 78 divide 1353453?
False
Does 59 divide 9019035?
True
Is 2034801 a multiple of 624?
False
Is 828575 a multiple of 1265?
True
Is 11 a factor of 338987?
True
Is 1317635 a multiple of 66?
False
Does 2 divide 40512?
True
Does 142 divide 141432?
True
Is 4941900 a multiple of 51?
True
Is 207064 a multiple of 8?
True
Is 6515544 a multiple of 24?
True
Is 34 a factor of 1931955?
False
Does 44 divide 1058508?
True
Is 2791158 a multiple of 23?
False
Is 222 a factor of 4859802?
True
Is 289 a factor of 66476?
False
Does 368 divide 2063376?
True
Does 